by 13929.
2291
What is the remainder when 1341718 is divided by 223553?
400
Calculate the remainder when 23577 is divided by 10455.
2667
Calculate the remainder when 204426 is divided by 51038.
274
What is the remainder when 63408 is divided by 7010?
318
Calculate the remainder when 162298 is divided by 6.
4
Calculate the remainder when 26728440 is divided by 254.
20
What is the remainder when 1129538 is divided by 102685?
3
What is the remainder when 2415210 is divided by 301899?
18
Calculate the remainder when 785404 is divided by 3596.
1476
What is the remainder when 32939632 is divided by 1586?
1584
What is the remainder when 18052077 is divided by 1824?
1773
Calculate the remainder when 111515 is divided by 189.
5
Calculate the remainder when 44450770 is divided by 408.
394
Calculate the remainder when 1828419 is divided by 360.
339
Calculate the remainder when 949333 is divided by 5456.
5445
What is the remainder when 142398 is divided by 68535?
5328
Calculate the remainder when 19895268 is divided by 294.
288
What is the remainder when 4638214 is divided by 33130?
14
Calculate the remainder when 1028818 is divided by 15588.
10
Calculate the remainder when 385203 is divided by 2621.
2537
What is the remainder when 723148 is divided by 80320?
268
Calculate the remainder when 147442180 is divided by 501504.
4
Calculate the remainder when 35420 is divided by 16644.
2132
Calculate the remainder when 182517 is divided by 270.
267
Calculate the remainder when 64237 is divided by 12468.
1897
What is the remainder when 811357376 is divided by 190?
186
Calculate the remainder when 3085128 is divided by 2599.
115
What is the remainder when 3750560 is divided by 1875263?
34
What is the remainder when 3394587 is divided by 930?
87
What is the remainder when 77092708 is divided by 269?
267
What is the remainder when 45041 is divided by 8996?
61
What is the remainder when 17262547 is divided by 67?
64
Calculate the remainder when 17531396 is divided by 128.
4
What is the remainder when 90628841 is divided by 227?
226
What is the remainder when 4559447 is divided by 765?
47
Calculate the remainder when 5395219 is divided by 30.
19
What is the remainder when 692759634 is divided by 230919878?
0
What is the remainder when 257249 is divided by 161?
132
Calculate the remainder when 9606914 is divided by 188370.
44
Calculate the remainder when 4354253 is divided by 805.
8
What is the remainder when 2153222 is divided by 1075?
1072
What is the remainder when 112345 is divided by 10198?
167
What is the remainder when 5273740 is divided by 1054744?
20
Calculate the remainder when 4888856 is divided by 5984.
5912
Calculate the remainder when 1862474179 is divided by 185.
184
What is the remainder when 947614 is divided by 112?
94
Calculate the remainder when 1546788 is divided by 34373.
3
What is the remainder when 1066200 is divided by 83?
65
Calculate the remainder when 14815591 is divided by 88.
87
Calculate the remainder when 1511742 is divided by 1511727.
15
Calculate the remainder when 555152420 is divided by 22.
20
Calculate the remainder when 7562017 is divided by 6.
1
Calculate the remainder when 856572 is divided by 2386.
2384
What is the remainder when 88167 is divided by 1685?
547
Calculate the remainder when 4394708 is divided by 32.
20
What is the remainder when 3166376 is divided by 208?
200
What is the remainder when 4746984 is divided by 4714?
4700
Calculate the remainder when 7093640 is divided by 6496.
8
Calculate the remainder when 327445 is divided by 163684.
77
Calculate the remainder when 60655 is divided by 111.
49
What is the remainder when 2898650 is divided by 33?
29
What is the remainder when 57108 is divided by 4140?
3288
What is the remainder when 45872 is divided by 579?
131
Calculate the remainder when 1675813 is divided by 5172.
85
Calculate the remainder when 1935153 is divided by 113830.
43
What is the remainder when 43271114 is divided by 8654222?
4
Calculate the remainder when 35906747 is divided by 275.
272
Calculate the remainder when 25729531 is divided by 6432380.
11
Calculate the remainder when 25766 is divided by 228.
2
Calculate the remainder when 7296911 is divided by 2344.
39
Calculate the remainder when 7161843 is divided by 454.
447
Calculate the remainder when 21659158 is divided by 7.
3
Calculate the remainder when 220093 is divided by 1572.
13
What is the remainder when 7768145 is divided by 194?
191
What is the remainder when 257373290 is divided by 44?
42
What is the remainder when 106745 is divided by 449?
332
What is the remainder when 320207 is divided by 63855?
932
What is the remainder when 1751965 is divided by 437981?
41
Calculate the remainder when 47427 is divided by 2742.
813
Calculate the remainder when 107139 is divided by 7012.
1959
Calculate the remainder when 4948278 is divided by 132.
126
What is the remainder when 3622919 is divided by 901?
899
What is the remainder when 125579 is divided by 25026?
449
What is the remainder when 86699 is divided by 97?
78
Calculate the remainder when 1229092 is divided by 1203.
829
Calculate the remainder when 85746 is divided by 721.
668
What is the remainder when 14021042 is divided by 1?
0
What is the remainder when 25938 is divided by 2024?
1650
What is the remainder when 142585 is divided by 2592?
25
Calculate the remainder when 2008756 is divided by 793.
87
Calculate the remainder when 9363287 is divided by 158.
49
Calculate the remainder when 94297 is divided by 743.
679
What is the remainder when 2389888 is divided by 47?
32
Calculate the remainder when 31124 is divided by 1419.
1325
Calculate the remainder when 583912 is divided by 634.
632
What is the remainder when 834200 is divided by 3583?
2944
Calculate the remainder when 13940151 is divided by 929334.
141
What is the remainder when 90247 is divided by 1123?
407
What is the remainder when 43029661 is divided by 3073544?
45
What is the remainder when 398472 is divided by 24902?
40
Calculate the remainder when 46630873 is divided by 187.
179
What is the remainder when 6775681 is divided by 23?
19
What is the remainder when 3674667 is divided by 3674643?
24
Calculate the remainder when 14399225 is divided by 86.
73
Calculate the remainder when 20914 is divided by 298.
54
Calculate the remainder when 173687 is divided by 24804.
59
Calculate the remainder when 3580384 is divided by 5908.
136
Calculate the remainder when 3058019 is divided by 273.
146
Calculate the remainder when 392826 is divided by 933.
33
What is the remainder when 2146289 is divided by 22?
13
What is the remainder when 3738302 is divided by 311524?
14
Calculate the remainder when 8528479 is divided by 1069.
1066
What is the remainder when 900037 is divided by 6522?
1
Calculate the remainder when 2880663 is divided by 67.
65
Calculate the remainder when 651238 is divided by 641.
623
What is the remainder when 235242723 is divided by 188?
15
Calculate the remainder when 60086 is divided by 6671.
47
Calculate the remainder when 1582677 is divided by 12.
9
What is the remainder when 34209071 is divided by 48?
47
Calculate the remainder when 197875 is divided by 70.
55
What is the remainder when 20268692 is divided by 834?
824
What is the remainder when 3081034 is divided by 385125?
34
Calculate the remainder when 16681699 is divided by 16681688.
11
Calculate the remainder when 30496284 is divided by 10165414.
42
Calculate the remainder when 90990294 is divided by 37724.
6
What is the remainder when 1035578 is divided by 288?
218
What is the remainder when 11899194 is divided by 5949595?
4
What is the remainder when 993584 is divided by 58?
44
What is the remainder when 1737633 is divided by 2533?
2528
What is the remainder when 312771 is divided by 891?
30
Calculate the remainder when 231339249 is divided by 2543.
2539
What is the remainder when 12073 is divided by 11751?
322
Calculate the remainder when 1386490 is divided by 1366.
0
Calculate the remainder when 593595 is divided by 1603.
485
Calculate the remainder when 4271666 is divided by 1423888.
2
Calculate the remainder when 18837782 is divided by 63641.
46
What is the remainder when 149303961 is divided by 3322?
3315
Calculate the remainder when 301312 is divided by 30084